{"id":9602,"date":"2025-12-22T12:50:02","date_gmt":"2025-12-22T15:50:02","guid":{"rendered":"https:\/\/stprovidencia.cl\/web\/?page_id=9602"},"modified":"2025-12-22T12:50:02","modified_gmt":"2025-12-22T15:50:02","slug":"paseo-anual-de-asistentes-de-la-educacion-2025","status":"publish","type":"page","link":"https:\/\/stprovidencia.cl\/web\/paseo-anual-de-asistentes-de-la-educacion-2025\/","title":{"rendered":"Paseo Anual de Asistentes de la Educaci\u00f3n 2025"},"content":{"rendered":"<p><img loading=\"lazy\" decoding=\"async\" class=\"aligncenter size-full wp-image-8006\" src=\"https:\/\/stprovidencia.cl\/web\/wp-content\/uploads\/2024\/09\/stp-banner.jpg\" alt=\"\" width=\"660\" height=\"330\" srcset=\"https:\/\/stprovidencia.cl\/web\/wp-content\/uploads\/2024\/09\/stp-banner.jpg 660w, https:\/\/stprovidencia.cl\/web\/wp-content\/uploads\/2024\/09\/stp-banner-300x150.jpg 300w\" sizes=\"auto, (max-width: 660px) 100vw, 660px\" \/><\/p>\n<p>Estimados socios y socias Asistentes de la Educaci\u00f3n:<\/p>\n<p>Les recordamos que este <strong>s\u00e1bado 27 de diciembre se realizar\u00e1 nuestro paseo anual<\/strong>, esperamos contar con ustedes para compartir un espacio de recreaci\u00f3n y camarader\u00eda.<\/p>\n<p><span style=\"text-decoration: underline;\"><strong>Rectificamos horario del paseo que ser\u00e1 desde las 10:00 hasta las 19:00 horas. Los buses saldr\u00e1n desde el frontis de la municipalidad a las 09:00 con direcci\u00f3n al recinto ubicado en Jorge Guerra 17930, Parcela 91\u00aa, Maip\u00fa.<\/strong><\/span><\/p>\n<p>Esperando contar con su grata presencia, cordialmente se despide,<\/p>\n<p>DIRECTIVA SINDICAL<\/p>\n<p>&nbsp;<\/p>\n","protected":false},"excerpt":{"rendered":"<p>Estimados socios y socias Asistentes de la Educaci\u00f3n: Les recordamos que este s\u00e1bado 27 de diciembre se realizar\u00e1 nuestro paseo anual, esperamos contar con ustedes para compartir un espacio de recreaci\u00f3n y camarader\u00eda. Rectificamos horario del paseo que ser\u00e1 desde las 10:00 hasta las 19:00 horas. Los buses saldr\u00e1n desde el frontis de la municipalidad &hellip;<\/p>\n","protected":false},"author":1,"featured_media":8006,"parent":0,"menu_order":0,"comment_status":"closed","ping_status":"closed","template":"","meta":{"footnotes":""},"class_list":["post-9602","page","type-page","status-publish","has-post-thumbnail",""],"_links":{"self":[{"href":"https:\/\/stprovidencia.cl\/web\/wp-json\/wp\/v2\/pages\/9602","targetHints":{"allow":["GET"]}}],"collection":[{"href":"https:\/\/stprovidencia.cl\/web\/wp-json\/wp\/v2\/pages"}],"about":[{"href":"https:\/\/stprovidencia.cl\/web\/wp-json\/wp\/v2\/types\/page"}],"author":[{"embeddable":true,"href":"https:\/\/stprovidencia.cl\/web\/wp-json\/wp\/v2\/users\/1"}],"replies":[{"embeddable":true,"href":"https:\/\/stprovidencia.cl\/web\/wp-json\/wp\/v2\/comments?post=9602"}],"version-history":[{"count":1,"href":"https:\/\/stprovidencia.cl\/web\/wp-json\/wp\/v2\/pages\/9602\/revisions"}],"predecessor-version":[{"id":9603,"href":"https:\/\/stprovidencia.cl\/web\/wp-json\/wp\/v2\/pages\/9602\/revisions\/9603"}],"wp:featuredmedia":[{"embeddable":true,"href":"https:\/\/stprovidencia.cl\/web\/wp-json\/wp\/v2\/media\/8006"}],"wp:attachment":[{"href":"https:\/\/stprovidencia.cl\/web\/wp-json\/wp\/v2\/media?parent=9602"}],"curies":[{"name":"wp","href":"https:\/\/api.w.org\/{rel}","templated":true}]}}