{"id":7898,"date":"2024-08-30T19:41:42","date_gmt":"2024-08-30T23:41:42","guid":{"rendered":"https:\/\/stprovidencia.cl\/web\/?page_id=7898"},"modified":"2024-09-01T20:08:17","modified_gmt":"2024-09-02T00:08:17","slug":"elecciones-sindicales","status":"publish","type":"page","link":"https:\/\/stprovidencia.cl\/web\/elecciones-sindicales\/","title":{"rendered":"Elecciones Sindicales"},"content":{"rendered":"<p><img loading=\"lazy\" decoding=\"async\" class=\"aligncenter size-full wp-image-7899\" src=\"https:\/\/stprovidencia.cl\/web\/wp-content\/uploads\/2024\/08\/eleccion3.png\" alt=\"\" width=\"660\" height=\"330\" srcset=\"https:\/\/stprovidencia.cl\/web\/wp-content\/uploads\/2024\/08\/eleccion3.png 660w, https:\/\/stprovidencia.cl\/web\/wp-content\/uploads\/2024\/08\/eleccion3-300x150.png 300w\" sizes=\"auto, (max-width: 660px) 100vw, 660px\" \/><\/p>\n<p>Junto con saludar, <strong>se recuerda que est\u00e9 lunes 2 y martes 3 de septiembre, se realizar\u00e1n las elecciones sindicales.<\/strong><\/p>\n<p>La votaci\u00f3n es virtual y llegar\u00e1 un link a su correo que le permitir\u00e1 emitir su sufragio.<\/p>\n<p><strong>Contamos con ustedes y desde ya agradecemos su participaci\u00f3n en este acto democr\u00e1tico, que permitir\u00e1 elegir la directiva de nuestra organizaci\u00f3n por 4 a\u00f1os.<\/strong><\/p>\n<p>Cualquier dificultad que tenga al momento de votar, se puede dirigir a los integrantes del TRICEL o al encargado de la plataforma virtual<\/p>\n<p><strong>TRICEL<\/strong><\/p>\n<ul>\n<li><em>GERARDO BARRERA CAMPOD\u00d3NICO<\/em>. Asistente de la Educaci\u00f3n del Liceo Jos\u00e9 V. Lastarria. +56973551681<\/li>\n<li><em>DANIEL SALINAS GONZ\u00c1LEZ<\/em>. Docente Liceo Arturo Alessandri Palma. +56990756277<\/li>\n<li><em>CATALINA ORTEGA D\u00cdAZ<\/em>. Docente Liceo Juan Pablo Duarte. +56989596791<\/li>\n<\/ul>\n<p>&nbsp;<\/p>\n<ul>\n<li><em>EDGAR DUARTE<\/em>,encargado de plataforma virtual Evoting\u00a0+56939288531<\/li>\n<\/ul>\n<p>Saludos Cordiales.<\/p>\n<p>STProvidencia<\/p>\n<p>&nbsp;<\/p>\n","protected":false},"excerpt":{"rendered":"<p>Junto con saludar, se recuerda que est\u00e9 lunes 2 y martes 3 de septiembre, se realizar\u00e1n las elecciones sindicales. La votaci\u00f3n es virtual y llegar\u00e1 un link a su correo que le permitir\u00e1 emitir su sufragio. Contamos con ustedes y desde ya agradecemos su participaci\u00f3n en este acto democr\u00e1tico, que permitir\u00e1 elegir la directiva de &hellip;<\/p>\n","protected":false},"author":1,"featured_media":7899,"parent":0,"menu_order":0,"comment_status":"closed","ping_status":"closed","template":"","meta":{"footnotes":""},"class_list":["post-7898","page","type-page","status-publish","has-post-thumbnail",""],"_links":{"self":[{"href":"https:\/\/stprovidencia.cl\/web\/wp-json\/wp\/v2\/pages\/7898","targetHints":{"allow":["GET"]}}],"collection":[{"href":"https:\/\/stprovidencia.cl\/web\/wp-json\/wp\/v2\/pages"}],"about":[{"href":"https:\/\/stprovidencia.cl\/web\/wp-json\/wp\/v2\/types\/page"}],"author":[{"embeddable":true,"href":"https:\/\/stprovidencia.cl\/web\/wp-json\/wp\/v2\/users\/1"}],"replies":[{"embeddable":true,"href":"https:\/\/stprovidencia.cl\/web\/wp-json\/wp\/v2\/comments?post=7898"}],"version-history":[{"count":6,"href":"https:\/\/stprovidencia.cl\/web\/wp-json\/wp\/v2\/pages\/7898\/revisions"}],"predecessor-version":[{"id":7913,"href":"https:\/\/stprovidencia.cl\/web\/wp-json\/wp\/v2\/pages\/7898\/revisions\/7913"}],"wp:featuredmedia":[{"embeddable":true,"href":"https:\/\/stprovidencia.cl\/web\/wp-json\/wp\/v2\/media\/7899"}],"wp:attachment":[{"href":"https:\/\/stprovidencia.cl\/web\/wp-json\/wp\/v2\/media?parent=7898"}],"curies":[{"name":"wp","href":"https:\/\/api.w.org\/{rel}","templated":true}]}}

<p><img loading="lazy" decoding="async" class="aligncenter size-full wp-image-7899" src="https://stprovidencia.cl/web/wp-content/uploads/2024/08/eleccion3.png" alt="" width="660" height="330" srcset="https://stprovidencia.cl/web/wp-content/uploads/2024/08/eleccion3.png 660w, https://stprovidencia.cl/web/wp-content/uploads/2024/08/eleccion3-300x150.png 300w" sizes="auto, (max-width: 660px) 100vw, 660px" /></p>
<p>Junto con saludar, <strong>se recuerda que esté lunes 2 y martes 3 de septiembre, se realizarán las elecciones sindicales.</strong></p>
<p>La votación es virtual y llegará un link a su correo que le permitirá emitir su sufragio.</p>
<p><strong>Contamos con ustedes y desde ya agradecemos su participación en este acto democrático, que permitirá elegir la directiva de nuestra organización por 4 años.</strong></p>
<p>Cualquier dificultad que tenga al momento de votar, se puede dirigir a los integrantes del TRICEL o al encargado de la plataforma virtual</p>
<p><strong>TRICEL</strong></p>
<ul>
<li><em>GERARDO BARRERA CAMPODÓNICO</em>. Asistente de la Educación del Liceo José V. Lastarria. +56973551681</li>
<li><em>DANIEL SALINAS GONZÁLEZ</em>. Docente Liceo Arturo Alessandri Palma. +56990756277</li>
<li><em>CATALINA ORTEGA DÍAZ</em>. Docente Liceo Juan Pablo Duarte. +56989596791</li>
</ul>
<p>&nbsp;</p>
<ul>
<li><em>EDGAR DUARTE</em>,encargado de plataforma virtual Evoting +56939288531</li>
</ul>
<p>Saludos Cordiales.</p>
<p>STProvidencia</p>
<p>&nbsp;</p>

<p>Junto con saludar, se recuerda que esté lunes 2 y martes 3 de septiembre, se realizarán las elecciones sindicales. La votación es virtual y llegará un link a su correo que le permitirá emitir su sufragio. Contamos con ustedes y desde ya agradecemos su participación en este acto democrático, que permitirá elegir la directiva de &hellip;</p>
