{"id":7322,"date":"2024-04-09T17:36:18","date_gmt":"2024-04-09T21:36:18","guid":{"rendered":"https:\/\/stprovidencia.cl\/web\/?page_id=7322"},"modified":"2024-04-09T17:36:18","modified_gmt":"2024-04-09T21:36:18","slug":"convenio-ivan-martinez-funeraria","status":"publish","type":"page","link":"https:\/\/stprovidencia.cl\/web\/convenio-ivan-martinez-funeraria\/","title":{"rendered":"Convenio:  Iv\u00e1n Mart\u00ednez Funeraria"},"content":{"rendered":"<p><img loading=\"lazy\" decoding=\"async\" class=\"aligncenter size-full wp-image-7326\" src=\"https:\/\/stprovidencia.cl\/web\/wp-content\/uploads\/2024\/04\/imf-convenio.jpg\" alt=\"\" width=\"660\" height=\"330\" srcset=\"https:\/\/stprovidencia.cl\/web\/wp-content\/uploads\/2024\/04\/imf-convenio.jpg 660w, https:\/\/stprovidencia.cl\/web\/wp-content\/uploads\/2024\/04\/imf-convenio-300x150.jpg 300w\" sizes=\"auto, (max-width: 660px) 100vw, 660px\" \/><\/p>\n<p>Presentamos y ponemos a disposi\u00f3n de los socios del sindicato c<strong>onvenio tanto en la regi\u00f3n metropolitana como en regiones y los canales de atenci\u00f3n disponibles para cualquier consulta o solicitud de informaci\u00f3n adicional.<\/strong><\/p>\n<p>Estamos abiertos a cualquier colaboraci\u00f3n adicional que pueda surgir de esta iniciativa.<\/p>\n<p><img loading=\"lazy\" decoding=\"async\" class=\"aligncenter size-full wp-image-7323\" src=\"https:\/\/stprovidencia.cl\/web\/wp-content\/uploads\/2024\/04\/imf-01.jpg\" alt=\"\" width=\"660\" height=\"934\" srcset=\"https:\/\/stprovidencia.cl\/web\/wp-content\/uploads\/2024\/04\/imf-01.jpg 660w, https:\/\/stprovidencia.cl\/web\/wp-content\/uploads\/2024\/04\/imf-01-212x300.jpg 212w\" sizes=\"auto, (max-width: 660px) 100vw, 660px\" \/><\/p>\n<p><img loading=\"lazy\" decoding=\"async\" class=\"aligncenter size-full wp-image-7324\" src=\"https:\/\/stprovidencia.cl\/web\/wp-content\/uploads\/2024\/04\/imf-02.jpg\" alt=\"\" width=\"660\" height=\"495\" srcset=\"https:\/\/stprovidencia.cl\/web\/wp-content\/uploads\/2024\/04\/imf-02.jpg 660w, https:\/\/stprovidencia.cl\/web\/wp-content\/uploads\/2024\/04\/imf-02-300x225.jpg 300w\" sizes=\"auto, (max-width: 660px) 100vw, 660px\" \/><\/p>\n<p><img loading=\"lazy\" decoding=\"async\" class=\"aligncenter size-full wp-image-7325\" src=\"https:\/\/stprovidencia.cl\/web\/wp-content\/uploads\/2024\/04\/imf-03.jpg\" alt=\"\" width=\"660\" height=\"495\" srcset=\"https:\/\/stprovidencia.cl\/web\/wp-content\/uploads\/2024\/04\/imf-03.jpg 660w, https:\/\/stprovidencia.cl\/web\/wp-content\/uploads\/2024\/04\/imf-03-300x225.jpg 300w\" sizes=\"auto, (max-width: 660px) 100vw, 660px\" \/><\/p>\n<p>&nbsp;<\/p>\n","protected":false},"excerpt":{"rendered":"<p>Presentamos y ponemos a disposi\u00f3n de los socios del sindicato convenio tanto en la regi\u00f3n metropolitana como en regiones y los canales de atenci\u00f3n disponibles para cualquier consulta o solicitud de informaci\u00f3n adicional. Estamos abiertos a cualquier colaboraci\u00f3n adicional que pueda surgir de esta iniciativa. &nbsp;<\/p>\n","protected":false},"author":1,"featured_media":7326,"parent":0,"menu_order":0,"comment_status":"closed","ping_status":"closed","template":"","meta":{"footnotes":""},"class_list":["post-7322","page","type-page","status-publish","has-post-thumbnail",""],"_links":{"self":[{"href":"https:\/\/stprovidencia.cl\/web\/wp-json\/wp\/v2\/pages\/7322","targetHints":{"allow":["GET"]}}],"collection":[{"href":"https:\/\/stprovidencia.cl\/web\/wp-json\/wp\/v2\/pages"}],"about":[{"href":"https:\/\/stprovidencia.cl\/web\/wp-json\/wp\/v2\/types\/page"}],"author":[{"embeddable":true,"href":"https:\/\/stprovidencia.cl\/web\/wp-json\/wp\/v2\/users\/1"}],"replies":[{"embeddable":true,"href":"https:\/\/stprovidencia.cl\/web\/wp-json\/wp\/v2\/comments?post=7322"}],"version-history":[{"count":1,"href":"https:\/\/stprovidencia.cl\/web\/wp-json\/wp\/v2\/pages\/7322\/revisions"}],"predecessor-version":[{"id":7327,"href":"https:\/\/stprovidencia.cl\/web\/wp-json\/wp\/v2\/pages\/7322\/revisions\/7327"}],"wp:featuredmedia":[{"embeddable":true,"href":"https:\/\/stprovidencia.cl\/web\/wp-json\/wp\/v2\/media\/7326"}],"wp:attachment":[{"href":"https:\/\/stprovidencia.cl\/web\/wp-json\/wp\/v2\/media?parent=7322"}],"curies":[{"name":"wp","href":"https:\/\/api.w.org\/{rel}","templated":true}]}}

Convenio:  Iván Martínez Funeraria

<p><img loading="lazy" decoding="async" class="aligncenter size-full wp-image-7326" src="https://stprovidencia.cl/web/wp-content/uploads/2024/04/imf-convenio.jpg" alt="" width="660" height="330" srcset="https://stprovidencia.cl/web/wp-content/uploads/2024/04/imf-convenio.jpg 660w, https://stprovidencia.cl/web/wp-content/uploads/2024/04/imf-convenio-300x150.jpg 300w" sizes="auto, (max-width: 660px) 100vw, 660px" /></p>
<p>Presentamos y ponemos a disposión de los socios del sindicato c<strong>onvenio tanto en la región metropolitana como en regiones y los canales de atención disponibles para cualquier consulta o solicitud de información adicional.</strong></p>
<p>Estamos abiertos a cualquier colaboración adicional que pueda surgir de esta iniciativa.</p>
<p><img loading="lazy" decoding="async" class="aligncenter size-full wp-image-7323" src="https://stprovidencia.cl/web/wp-content/uploads/2024/04/imf-01.jpg" alt="" width="660" height="934" srcset="https://stprovidencia.cl/web/wp-content/uploads/2024/04/imf-01.jpg 660w, https://stprovidencia.cl/web/wp-content/uploads/2024/04/imf-01-212x300.jpg 212w" sizes="auto, (max-width: 660px) 100vw, 660px" /></p>
<p><img loading="lazy" decoding="async" class="aligncenter size-full wp-image-7324" src="https://stprovidencia.cl/web/wp-content/uploads/2024/04/imf-02.jpg" alt="" width="660" height="495" srcset="https://stprovidencia.cl/web/wp-content/uploads/2024/04/imf-02.jpg 660w, https://stprovidencia.cl/web/wp-content/uploads/2024/04/imf-02-300x225.jpg 300w" sizes="auto, (max-width: 660px) 100vw, 660px" /></p>
<p><img loading="lazy" decoding="async" class="aligncenter size-full wp-image-7325" src="https://stprovidencia.cl/web/wp-content/uploads/2024/04/imf-03.jpg" alt="" width="660" height="495" srcset="https://stprovidencia.cl/web/wp-content/uploads/2024/04/imf-03.jpg 660w, https://stprovidencia.cl/web/wp-content/uploads/2024/04/imf-03-300x225.jpg 300w" sizes="auto, (max-width: 660px) 100vw, 660px" /></p>
<p>&nbsp;</p>

<p>Presentamos y ponemos a disposión de los socios del sindicato convenio tanto en la región metropolitana como en regiones y los canales de atención disponibles para cualquier consulta o solicitud de información adicional. Estamos abiertos a cualquier colaboración adicional que pueda surgir de esta iniciativa. &nbsp;</p>
