{"id":6077,"date":"2022-10-26T09:40:24","date_gmt":"2022-10-26T12:40:24","guid":{"rendered":"https:\/\/stprovidencia.cl\/web\/?page_id=6077"},"modified":"2022-10-26T09:40:24","modified_gmt":"2022-10-26T12:40:24","slug":"informe-comision-revisora-de-cuenta-2021","status":"publish","type":"page","link":"https:\/\/stprovidencia.cl\/web\/informe-comision-revisora-de-cuenta-2021\/","title":{"rendered":"Informe Comisi\u00f3n Revisora de Cuenta 2021"},"content":{"rendered":"<p><img loading=\"lazy\" decoding=\"async\" class=\"aligncenter size-full wp-image-4432\" src=\"https:\/\/stprovidencia.cl\/web\/wp-content\/uploads\/2021\/07\/banner-tesoreria-2021-01.png\" alt=\"\" width=\"660\" height=\"351\" srcset=\"https:\/\/stprovidencia.cl\/web\/wp-content\/uploads\/2021\/07\/banner-tesoreria-2021-01.png 660w, https:\/\/stprovidencia.cl\/web\/wp-content\/uploads\/2021\/07\/banner-tesoreria-2021-01-300x160.png 300w, https:\/\/stprovidencia.cl\/web\/wp-content\/uploads\/2021\/07\/banner-tesoreria-2021-01-310x165.png 310w\" sizes=\"auto, (max-width: 660px) 100vw, 660px\" \/><\/p>\n<p>Estimadas socias y socios:<\/p>\n<p>Les hacemos llegar el informe de la\u00a0<strong>Comisi\u00f3n Revisora de Cuentas, a\u00f1o 2021<\/strong>.<\/p>\n<p>Adjuntamos a la presente dicho informe, dispuesto para su observaci\u00f3n y an\u00e1lisis.<\/p>\n<p><a href=\"https:\/\/drive.google.com\/file\/d\/1_-ODw6RVF_NsXXpX9R06RrhAu97aILDL\/view?usp=sharing\"><img loading=\"lazy\" decoding=\"async\" class=\"aligncenter size-full wp-image-916\" src=\"https:\/\/stprovidencia.cl\/web\/wp-content\/uploads\/2018\/03\/descargar-gris.jpg\" alt=\"\" width=\"200\" height=\"85\" \/><\/a><\/p>\n","protected":false},"excerpt":{"rendered":"<p>Estimadas socias y socios: Les hacemos llegar el informe de la\u00a0Comisi\u00f3n Revisora de Cuentas, a\u00f1o 2021. Adjuntamos a la presente dicho informe, dispuesto para su observaci\u00f3n y an\u00e1lisis.<\/p>\n","protected":false},"author":1,"featured_media":4432,"parent":0,"menu_order":0,"comment_status":"closed","ping_status":"closed","template":"","meta":{"footnotes":""},"class_list":["post-6077","page","type-page","status-publish","has-post-thumbnail",""],"_links":{"self":[{"href":"https:\/\/stprovidencia.cl\/web\/wp-json\/wp\/v2\/pages\/6077","targetHints":{"allow":["GET"]}}],"collection":[{"href":"https:\/\/stprovidencia.cl\/web\/wp-json\/wp\/v2\/pages"}],"about":[{"href":"https:\/\/stprovidencia.cl\/web\/wp-json\/wp\/v2\/types\/page"}],"author":[{"embeddable":true,"href":"https:\/\/stprovidencia.cl\/web\/wp-json\/wp\/v2\/users\/1"}],"replies":[{"embeddable":true,"href":"https:\/\/stprovidencia.cl\/web\/wp-json\/wp\/v2\/comments?post=6077"}],"version-history":[{"count":1,"href":"https:\/\/stprovidencia.cl\/web\/wp-json\/wp\/v2\/pages\/6077\/revisions"}],"predecessor-version":[{"id":6079,"href":"https:\/\/stprovidencia.cl\/web\/wp-json\/wp\/v2\/pages\/6077\/revisions\/6079"}],"wp:featuredmedia":[{"embeddable":true,"href":"https:\/\/stprovidencia.cl\/web\/wp-json\/wp\/v2\/media\/4432"}],"wp:attachment":[{"href":"https:\/\/stprovidencia.cl\/web\/wp-json\/wp\/v2\/media?parent=6077"}],"curies":[{"name":"wp","href":"https:\/\/api.w.org\/{rel}","templated":true}]}}