{"id":4946,"date":"2021-11-12T15:35:23","date_gmt":"2021-11-12T18:35:23","guid":{"rendered":"https:\/\/stprovidencia.cl\/web\/?page_id=4946"},"modified":"2021-11-12T17:53:18","modified_gmt":"2021-11-12T20:53:18","slug":"informe-comision-revisora-de-cuentas2020-nov21","status":"publish","type":"page","link":"https:\/\/stprovidencia.cl\/web\/informe-comision-revisora-de-cuentas2020-nov21\/","title":{"rendered":"Informe Comisi\u00f3n Revisora de Cuentas &#8211; 2020"},"content":{"rendered":"<p><img loading=\"lazy\" decoding=\"async\" class=\"aligncenter size-full wp-image-4948\" src=\"https:\/\/stprovidencia.cl\/web\/wp-content\/uploads\/2021\/11\/banner-crc-2020.png\" alt=\"\" width=\"660\" height=\"351\" srcset=\"https:\/\/stprovidencia.cl\/web\/wp-content\/uploads\/2021\/11\/banner-crc-2020.png 660w, https:\/\/stprovidencia.cl\/web\/wp-content\/uploads\/2021\/11\/banner-crc-2020-300x160.png 300w, https:\/\/stprovidencia.cl\/web\/wp-content\/uploads\/2021\/11\/banner-crc-2020-310x165.png 310w\" sizes=\"auto, (max-width: 660px) 100vw, 660px\" \/><\/p>\n<p>Estimadas socias y socios:<\/p>\n<p>Les hacemos llegar el informe de la <strong>Comisi\u00f3n Revisora de Cuentas, a\u00f1o 2020<\/strong>, la cual recibi\u00f3 la asesor\u00eda de un contador externo, financiado con fondos sindicales en conformidad al estatuto sindical.<\/p>\n<p>En los pr\u00f3ximos d\u00edas, la directiva sindical en conjunto con el contador contratado para llevar las finanzas del sindicato, se reunir\u00e1n para evaluar la posibilidad de aplicar algunas de las observaciones o la totalidad de ellas, sugeridas por la <strong>Comisi\u00f3n Revisora de Cuentas<\/strong>\u00a0en el informe respectivo.<\/p>\n<p>&nbsp;<\/p>\n<p style=\"text-align: center;\"><strong><span style=\"color: #333399;\">Infome CRC 2020<br \/>\n<a href=\"https:\/\/stprovidencia.cl\/web\/wp-content\/uploads\/2021\/11\/informe-crc-2020.pdf\"><img loading=\"lazy\" decoding=\"async\" class=\"aligncenter size-full wp-image-916\" src=\"https:\/\/stprovidencia.cl\/web\/wp-content\/uploads\/2018\/03\/descargar-gris.jpg\" alt=\"\" width=\"200\" height=\"85\" \/><\/a><br \/>\n<\/span><\/strong><\/p>\n<p>&nbsp;<\/p>\n<p>&nbsp;<\/p>\n","protected":false},"excerpt":{"rendered":"<p>Estimadas socias y socios: Les hacemos llegar el informe de la Comisi\u00f3n Revisora de Cuentas, a\u00f1o 2020, la cual recibi\u00f3 la asesor\u00eda de un contador externo, financiado con fondos sindicales en conformidad al estatuto sindical. En los pr\u00f3ximos d\u00edas, la directiva sindical en conjunto con el contador contratado para llevar las finanzas del sindicato, se &hellip;<\/p>\n","protected":false},"author":1,"featured_media":0,"parent":0,"menu_order":0,"comment_status":"closed","ping_status":"closed","template":"","meta":{"footnotes":""},"class_list":["post-4946","page","type-page","status-publish",""],"_links":{"self":[{"href":"https:\/\/stprovidencia.cl\/web\/wp-json\/wp\/v2\/pages\/4946","targetHints":{"allow":["GET"]}}],"collection":[{"href":"https:\/\/stprovidencia.cl\/web\/wp-json\/wp\/v2\/pages"}],"about":[{"href":"https:\/\/stprovidencia.cl\/web\/wp-json\/wp\/v2\/types\/page"}],"author":[{"embeddable":true,"href":"https:\/\/stprovidencia.cl\/web\/wp-json\/wp\/v2\/users\/1"}],"replies":[{"embeddable":true,"href":"https:\/\/stprovidencia.cl\/web\/wp-json\/wp\/v2\/comments?post=4946"}],"version-history":[{"count":5,"href":"https:\/\/stprovidencia.cl\/web\/wp-json\/wp\/v2\/pages\/4946\/revisions"}],"predecessor-version":[{"id":4957,"href":"https:\/\/stprovidencia.cl\/web\/wp-json\/wp\/v2\/pages\/4946\/revisions\/4957"}],"wp:attachment":[{"href":"https:\/\/stprovidencia.cl\/web\/wp-json\/wp\/v2\/media?parent=4946"}],"curies":[{"name":"wp","href":"https:\/\/api.w.org\/{rel}","templated":true}]}}