{"id":3011,"date":"2020-05-21T15:37:52","date_gmt":"2020-05-21T19:37:52","guid":{"rendered":"https:\/\/stprovidencia.cl\/web\/?page_id=3011"},"modified":"2020-10-01T18:39:29","modified_gmt":"2020-10-01T21:39:29","slug":"tesoreria-informe-bimensual-abril-2020","status":"publish","type":"page","link":"https:\/\/stprovidencia.cl\/web\/tesoreria-informe-bimensual-abril-2020\/","title":{"rendered":"Tesorer\u00eda: Informe Bimensual Marzo &#8211; Abril 2020"},"content":{"rendered":"<p>&nbsp;<\/p>\n<p><img loading=\"lazy\" decoding=\"async\" class=\"aligncenter size-full wp-image-3012\" src=\"https:\/\/stprovidencia.cl\/web\/wp-content\/uploads\/2020\/05\/banner-infmensual2020.png\" alt=\"\" width=\"660\" height=\"351\" srcset=\"https:\/\/stprovidencia.cl\/web\/wp-content\/uploads\/2020\/05\/banner-infmensual2020.png 660w, https:\/\/stprovidencia.cl\/web\/wp-content\/uploads\/2020\/05\/banner-infmensual2020-300x160.png 300w, https:\/\/stprovidencia.cl\/web\/wp-content\/uploads\/2020\/05\/banner-infmensual2020-310x165.png 310w\" sizes=\"auto, (max-width: 660px) 100vw, 660px\" \/><\/p>\n<p>Estimadas socias y socios:<\/p>\n<p>A continuaci\u00f3n les presentamos en el <strong>Informe de Auditor\u00eda Bimensual Marzo &#8211; Abril 2020,<\/strong> elaborado por la firma de auditor\u00eda PBP, suscrito por los profesionales <strong>Pedro Badilla Paredes,<\/strong> Contado Auditor; y por <strong>Yanira Badilla Bascu\u00f1\u00e1n<\/strong>, Analista de RRHH.<\/p>\n<p>Para ver, consultar y\/o descargar, por favor presionar el siguiente bot\u00f3n:<\/p>\n<p><a href=\"https:\/\/stprovidencia.cl\/web\/wp-content\/uploads\/2020\/05\/02-INFORME-BI-MENSUAL-SOCIOS-A-ABRIL-2.0.pdf\"><img loading=\"lazy\" decoding=\"async\" class=\"aligncenter size-full wp-image-916\" src=\"https:\/\/stprovidencia.cl\/web\/wp-content\/uploads\/2018\/03\/descargar-gris.jpg\" alt=\"\" width=\"200\" height=\"85\" \/><\/a><\/p>\n","protected":false},"excerpt":{"rendered":"<p>&nbsp; Estimadas socias y socios: A continuaci\u00f3n les presentamos en el Informe de Auditor\u00eda Bimensual Marzo &#8211; Abril 2020, elaborado por la firma de auditor\u00eda PBP, suscrito por los profesionales Pedro Badilla Paredes, Contado Auditor; y por Yanira Badilla Bascu\u00f1\u00e1n, Analista de RRHH. Para ver, consultar y\/o descargar, por favor presionar el siguiente bot\u00f3n:<\/p>\n","protected":false},"author":1,"featured_media":3012,"parent":0,"menu_order":0,"comment_status":"closed","ping_status":"closed","template":"","meta":{"footnotes":""},"class_list":["post-3011","page","type-page","status-publish","has-post-thumbnail",""],"_links":{"self":[{"href":"https:\/\/stprovidencia.cl\/web\/wp-json\/wp\/v2\/pages\/3011","targetHints":{"allow":["GET"]}}],"collection":[{"href":"https:\/\/stprovidencia.cl\/web\/wp-json\/wp\/v2\/pages"}],"about":[{"href":"https:\/\/stprovidencia.cl\/web\/wp-json\/wp\/v2\/types\/page"}],"author":[{"embeddable":true,"href":"https:\/\/stprovidencia.cl\/web\/wp-json\/wp\/v2\/users\/1"}],"replies":[{"embeddable":true,"href":"https:\/\/stprovidencia.cl\/web\/wp-json\/wp\/v2\/comments?post=3011"}],"version-history":[{"count":5,"href":"https:\/\/stprovidencia.cl\/web\/wp-json\/wp\/v2\/pages\/3011\/revisions"}],"predecessor-version":[{"id":3575,"href":"https:\/\/stprovidencia.cl\/web\/wp-json\/wp\/v2\/pages\/3011\/revisions\/3575"}],"wp:featuredmedia":[{"embeddable":true,"href":"https:\/\/stprovidencia.cl\/web\/wp-json\/wp\/v2\/media\/3012"}],"wp:attachment":[{"href":"https:\/\/stprovidencia.cl\/web\/wp-json\/wp\/v2\/media?parent=3011"}],"curies":[{"name":"wp","href":"https:\/\/api.w.org\/{rel}","templated":true}]}}